n d is divided by 122.
87
Let o(u) = u**3 + u**2 - 5*u. Let n be o(2). Calculate the remainder when 24 is divided by (n/3)/(28/(-168)) - -11.
3
Suppose a = -4*v + 110, -4*a - 4*v + 41 + 435 = 0. Calculate the remainder when a is divided by 68.
54
Let u = 10 - 19. Let j be u/((-18)/128) + -1*3. Let z = j + -45. What is the remainder when 26 is divided by z?
10
Let b(g) = 14*g - 24. Let i be b(1). Let n(k) = 2*k**3 + 19*k**2 - 17*k - 43. Calculate the remainder when 88 is divided by n(i).
7
Let i = -12586 + 24883. What is the remainder when i is divided by 75?
72
Let f = -12492 + 15891. What is the remainder when f is divided by 1699?
1
Suppose 0 = -2*k - 5*b + 38, -4*k + 29 + 19 = 3*b. Let v be (21/4)/((-1)/4). Calculate the remainder when k is divided by 72/63*v/(-6).
1
Suppose -5*t = -3*o - 254, 76 = -o - 2*t - 5. Let l = o + 83. Suppose -5 = -3*v + 1, l = 2*r - 5*v - 144. What is the remainder when r is divided by 27?
23
Let c(t) be the third derivative of 7/6*t**3 + 18*t**2 + 1/3*t**4 + 0*t + 0. What is the remainder when c(4) is divided by 21?
18
Let n = -259 - -292. Calculate the remainder when 4/3 + 488/3 is divided by n.
32
Suppose -4*l - g + 227 = 0, 3*g = -l - 0*l + 43. Let u be 3/(19/(-36) - 4/18). What is the remainder when l is divided by (12/10)/(-12*u/800)?
18
Suppose -3*h + 78 = 5*f, -131*h + 130*h - 58 = -3*f. Calculate the remainder when 12/(-3) + 2 + 433 is divided by f.
17
Suppose 4*x + i - 85 = 0, 6*x + 2*i = -22 + 148. Let k = 2 - -13. What is the remainder when x is divided by k?
7
Let p(w) = -w**3 + 57*w**2 + 448*w + 35. Calculate the remainder when 3552 is divided by p(64).
17
Let g = -691 - -733. Calculate the remainder when (288/(-30))/((-3)/40) - 4 is divided by g.
40
Let m(r) = -65*r + 546. Calculate the remainder when m(4) is divided by 3.
1
Let v = 43 + -28. Suppose -t + 2*t = v. Suppose -55*z + 33*z + 1628 = 0. What is the remainder when z is divided by t?
14
Suppose 0 = r + 3*r - 12. Suppose 0 = -2*w + t - 26, -2*t = -2*w + 3*t - 18. Let k = 38 + w. Calculate the remainder when k is divided by r.
0
Let f be (-1 + -15)*7/(-2). Let y be (-8)/f - 58/(-14). Suppose -10*v + 174 = -y*v. What is the remainder when v is divided by 16?
13
Let n(q) = 30*q**2 - 68*q - 12. Calculate the remainder when n(8) is divided by 19.
15
Let m(b) = -b**3 - 462*b**2 + 4245*b + 4. Let z(d) = 227*d - 1. Calculate the remainder when z(1) is divided by m(9).
52
Suppose 48*l - 26760 = 18*l. Calculate the remainder when l is divided by 151.
137
Let m = -25359 + 31607. Calculate the remainder when m is divided by 25.
23
Suppose 19*b - 819 = 16*b - 5*q, 2*b - q - 559 = 0. Calculate the remainder when b is divided by (66/14 - 6)*-7.
8
Let y(g) = -g**3 - g**2 - 5*g - 10. Let m be y(-2). Suppose u + 73 = m*a, -a + 13 = -3*u + 3. Calculate the remainder when 25 is divided by a.
6
Let a = -139 + 252. Suppose -3*v + a = -220. What is the remainder when v + -8 + (-1)/(1*-1) is divided by 35?
34
Suppose -12295 - 2217 = 16*c. Let a = -879 - c. Calculate the remainder when ((-108)/15)/((-4)/30) is divided by a.
26
Suppose 10*q = 15*q - 25. Suppose -4*c + 101 = q*k, 8*k + 1 = -c + 12*k. Calculate the remainder when 52 is divided by c.
14
Suppose 11*w - 9 = -2*g + 92, -w + 1 = 0. What is the remainder when 5984 is divided by g?
44
Let a(d) = -d**2 - 3*d - 1. Let w(x) = -5*x**2 - 3*x + 39. Let l(k) = -4*a(k) + w(k). What is the remainder when l(9) is divided by 22?
21
Let m = -23133 + 37297. What is the remainder when m is divided by 9?
7
Let h(i) = -i + 1. Let y(c) = c**2 + 5*c - 10. Let x be y(-7). Let s(v) = v + 7. Let p(r) = x*h(r) + s(r). What is the remainder when 20 is divided by p(0)?
9
Suppose -3*h = 380 - 1961. What is the remainder when 604 is divided by h?
77
Let m(w) = 14*w - 38. Let t be m(3). Suppose t*l = -2*i + 308, 2*l + 3*i - 81 = 69. Calculate the remainder when l is divided by 12.
6
Suppose 0*s - 42 = -3*s. Let z be (441/(-245))/((-3)/180). Suppose z = -39*w + 43*w. What is the remainder when w is divided by s?
13
Let g = 575 - 478. Calculate the remainder when 277 is divided by g.
83
Let a be (-35)/30*(-6)/1 - -4. Suppose a*h - 50 = 214. What is the remainder when 89/2 - (-2)/(-4) is divided by h?
20
Let z be (-104)/2 + (-6 - -3) + -1. Let j = z - -86. Let v(a) = a**3 - a - 2. Calculate the remainder when v(4) is divided by j.
28
Suppose -3*u - 2*t + 36 = 0, 0 = 2*u - t - 26 - 5. Calculate the remainder when 1680/170 + -10 + 1413/17 is divided by u.
13
Suppose -2*i + 31 = -t, -i = -4*i + 4*t + 34. Suppose j + 4*v - 47 = -i, 0 = 5*j - v - 61. Calculate the remainder when 32 is divided by j.
6
Let c = -652 - -295. Let t = c + 366. Calculate the remainder when 204 is divided by t.
6
Suppose 22*p = 20*p + 8, 4*b + 2*p = 124. What is the remainder when 314 is divided by b?
24
Let x(n) = n**2 - 4*n + 2. Suppose 4*o = 169 - 145. What is the remainder when 27 is divided by x(o)?
13
Let b(k) = 50*k**3 - 5*k**2 - 4*k - 2. Let n be b(-2). Let w = 722 + n. Suppose -12*l + l = -w. What is the remainder when l is divided by 15?
13
Suppose 0 = -40*u + 80*u - 44*u + 1308. What is the remainder when 343 is divided by u?
16
Let h = -125 - -755. Suppose 18*g - 36*g = -h. Calculate the remainder when g is divided by 25.
10
Let l = 10 + 8. Suppose 0 = -13*h + l*h - 470. Calculate the remainder when h is divided by (-468)/(-18) - (-2)/(-1).
22
Let u(r) = 20*r**2 - 109*r + 699. Calculate the remainder when u(6) is divided by 74.
25
Let s = 21045 - 21015. What is the remainder when 1627 is divided by s?
7
Let w(c) = -5*c**2 - 90*c - 11. Let p be w(-21). What is the remainder when 123 is divided by p/(-14) - (114/(-42) + 3)?
8
Let u(c) = 1140*c + 5727. Calculate the remainder when u(-5) is divided by 9.
0
Let b = -854 + 1798. What is the remainder when b is divided by 79?
75
Let n(l) = -6*l - 155. Let h be 2/2*(3 - -4). Suppose 0 = -h*t + 11*t - 252. What is the remainder when t is divided by n(-28)?
11
Let r be ((-4 - -4)/4)/(-1). Suppose -6*a + 11*a + 15 = r. Let j = a - -21. What is the remainder when 105 is divided by j?
15
Suppose 10*x - 5*x = 5*b - 5, 15 = 5*b. What is the remainder when (-304)/(-3)*(x + 4/(-8)) is divided by 17?
16
Let y(i) = 42*i - 194. Suppose 3 + 3 = 3*u. Suppose -5*p + 283 = -b + 3*b, -u*b = -4*p + 230. What is the remainder when p is divided by y(5)?
9
Suppose -3*s - 113 = -m, -25 - 228 = -2*m - 3*s. What is the remainder when m is divided by 103?
19
Suppose -130*o - 2484 = -166*o. Calculate the remainder when 253 is divided by o.
46
Suppose -3*b - 91 = 17. Calculate the remainder when (b/(-20))/(7/3045) is divided by 49.
48
Let g be (-2)/(-3)*(10 - 7). Suppose g*w - 66 = -4*w. What is the remainder when 106 is divided by w?
7
Suppose -k + v - 125 = 4*v, -v + 141 = -k. Let m = 159 + k. What is the remainder when 109 is divided by m?
21
Let s = 100 + -32. Suppose d + 4*f = -26, -797*f + 802*f = 5*d - 95. What is the remainder when s is divided by d?
8
What is the remainder when (-7)/14*(-3 + 9555)/(-8) is divided by 73?
13
Let f(y) = y**3 + 12*y**2 + 11*y - 9. Let r be f(-11). Calculate the remainder when 158*r/(-4)*8/36 is divided by 43.
36
Let r(i) = -976*i - 10544. Calculate the remainder when r(-16) is divided by 127.
119
Let r(s) = 3*s**2 - 29*s + 35. Calculate the remainder when 780 is divided by r(9).
15
Suppose -2*x - 10*x + 348 = 0. Suppose -x*j + 23*j + 84 = 0. Suppose -2*t + 92 = 4*c, 0 = 2*c - 0*c + 2*t - 48. Calculate the remainder when c is divided by j.
8
Suppose -11*d + 2*w = -8*d - 901, -4*w = 32. Calculate the remainder when d is divided by 97.
4
Let p(k) = -k**2 + 9*k + 88. Let a be p(12). Suppose -48*x - v - 115 = -a*x, -4*x + 125 = v. What is the remainder when x is divided by 4?
2
Let w = 2 - 3. Let f be (1 + 13)/(2 + w). Suppose 4*g = j - 0*g - f, 5*j = 2*g + 142. Calculate the remainder when j is divided by 11.
8
Let f(a) be the first derivative of -a**4/4 - 4*a**3 - 23*a**2/2 - 26*a + 180. Calculate the remainder when 20/(-4)*(0 + -1) is divided by f(-10).
1
Let q(t) = t**2 - 9*t + 7. Let y be q(6). Let v(j) = j**2 + 12*j + 82. What is the remainder when v(y) is divided by 1*(-2 + -16)*-1?
17
Calculate the remainder when 899 is divided by 56*(-380)/(-72) - (-8)/18.
11
Let g(z) = 4*z + 34. Let h be g(-8